{"id":327,"date":"2021-04-05T20:05:33","date_gmt":"2021-04-05T20:05:33","guid":{"rendered":"http:\/\/converscam.de\/?post_type=product&#038;p=327"},"modified":"2026-03-01T16:39:48","modified_gmt":"2026-03-01T16:39:48","slug":"front-kamerasystem-mustang","status":"publish","type":"product","link":"https:\/\/converscam.de\/?product=front-kamerasystem-mustang","title":{"rendered":"Front Kamerasystem"},"content":{"rendered":"<h3><strong>Front Kamerasystem<\/strong><\/h3>\n<p>&nbsp;<\/p>\n<p><span style=\"font-family: Arial, sans-serif\">Das ConversCam Frontkamera System hilft dir, beim Einparken auch nach vorne immer im Bilde zu sein.<\/span><\/p>\n<div><span style=\"font-family: Arial, sans-serif\">Eine hochwertige Kamera garantiert ein scharfes Bild.<\/span><\/div>\n<div><span style=\"font-family: Arial, sans-serif\">Der Einbau erfolgt, falls gew\u00fcnscht, unauff\u00e4llig am Fahrzeug, die Kamera ist fast nicht zu sehen und bietet trotzdem den optimalen Blickwinkel.<\/span><\/div>\n<div>Der Blickwinkel kann individuell eingestellt werden.<\/div>\n<div>Entweder Sicht nach vorne oder Sicht auf die Kante eures Fahrzeuges.<\/div>\n<div><\/div>\n<div>Trauen Sie sich den Einbau nicht zu, wird ein in Ihrer N\u00e4he verf\u00fcgbarer Einbaustandort dies f\u00fcr Sie gerne \u00fcbernehmen.<\/div>\n<div><\/div>\n<div>Eine detaillierte Einbauanleitung liegt nach dem Kauf f\u00fcr Sie bereit.<\/div>\n<div><span style=\"font-family: Arial, sans-serif\">\u00a0<\/span><\/div>\n<div><i><span style=\"font-family: Arial, sans-serif\">M\u00f6glich f\u00fcr alle Fahrzeuge mit Sync 3.<\/span><\/i><\/div>\n","protected":false},"excerpt":{"rendered":"<p>Front Kamerasystem &nbsp; Das ConversCam Frontkamera System hilft dir, beim Einparken auch nach vorne immer im Bilde zu sein. Eine hochwertige Kamera garantiert ein scharfes Bild. Der Einbau erfolgt, falls gew\u00fcnscht, unauff\u00e4llig am Fahrzeug, die Kamera ist fast nicht zu sehen und bietet trotzdem den optimalen Blickwinkel. Der Blickwinkel kann individuell eingestellt werden. Entweder Sicht [&hellip;]<\/p>\n","protected":false},"featured_media":329,"comment_status":"open","ping_status":"closed","template":"","meta":[],"product_brand":[],"product_cat":[49,29,30,34,42,27,24,43,28,38],"product_tag":[],"class_list":{"0":"post-327","1":"product","2":"type-product","3":"status-publish","4":"has-post-thumbnail","6":"product_cat-ranger-ab-2015","7":"product_cat-focus-mk4","8":"product_cat-kuga-mk3","9":"product_cat-mondeo-mk5","10":"product_cat-mustang","11":"product_cat-puma","12":"product_cat-ford-ranger","13":"product_cat-raptor","14":"product_cat-s-max-mk2","15":"product_cat-transit","17":"first","18":"instock","19":"downloadable","20":"taxable","21":"shipping-taxable","22":"purchasable","23":"product-type-simple"},"_links":{"self":[{"href":"https:\/\/converscam.de\/index.php?rest_route=\/wp\/v2\/product\/327","targetHints":{"allow":["GET"]}}],"collection":[{"href":"https:\/\/converscam.de\/index.php?rest_route=\/wp\/v2\/product"}],"about":[{"href":"https:\/\/converscam.de\/index.php?rest_route=\/wp\/v2\/types\/product"}],"replies":[{"embeddable":true,"href":"https:\/\/converscam.de\/index.php?rest_route=%2Fwp%2Fv2%2Fcomments&post=327"}],"wp:featuredmedia":[{"embeddable":true,"href":"https:\/\/converscam.de\/index.php?rest_route=\/wp\/v2\/media\/329"}],"wp:attachment":[{"href":"https:\/\/converscam.de\/index.php?rest_route=%2Fwp%2Fv2%2Fmedia&parent=327"}],"wp:term":[{"taxonomy":"product_brand","embeddable":true,"href":"https:\/\/converscam.de\/index.php?rest_route=%2Fwp%2Fv2%2Fproduct_brand&post=327"},{"taxonomy":"product_cat","embeddable":true,"href":"https:\/\/converscam.de\/index.php?rest_route=%2Fwp%2Fv2%2Fproduct_cat&post=327"},{"taxonomy":"product_tag","embeddable":true,"href":"https:\/\/converscam.de\/index.php?rest_route=%2Fwp%2Fv2%2Fproduct_tag&post=327"}],"curies":[{"name":"wp","href":"https:\/\/api.w.org\/{rel}","templated":true}]}}