{"id":326,"date":"2021-04-05T19:38:06","date_gmt":"2021-04-05T19:38:06","guid":{"rendered":"http:\/\/converscam.de\/?post_type=product&#038;p=326"},"modified":"2025-09-11T11:45:00","modified_gmt":"2025-09-11T11:45:00","slug":"rueckfahrkamera-universal-transit-nachruestset","status":"publish","type":"product","link":"https:\/\/converscam.de\/?product=rueckfahrkamera-universal-transit-nachruestset","title":{"rendered":"R\u00fcckfahrkamera Universal Transit Nachr\u00fcstset"},"content":{"rendered":"<p style=\"font-weight: 400;\">Die Kamera wird Einbaufertig geliefert. Eine Individuelle Beschreibung f\u00fcr ihr Fahrzeug k\u00f6nnen Sie per Email erhalten.<br \/>\nEine R\u00fcckfahrkamera mit 700 TV-Linien, fast HD Aufl\u00f6sung<\/p>\n<p><b><strong>Eigenschaften:<\/strong><\/b><\/p>\n<p>Durch die hochwertige Qualit\u00e4t ist die Kamera Staubdicht und gegen starkes Strahlwasser gesch\u00fctzt. Das Objektiv verschafft Ihnen einen horizontalen Blickwinkel von bis zu 170\u00b0 Grad.<\/p>\n<p><b><strong>Lieferumfang:<\/strong><\/b><br \/>\n1x Kabelbaumadapter<br \/>\n1x Kabelbaum 10m<br \/>\n1x Heckkamera<br \/>\n1x Neoprendichtung<br \/>\n1x Anschlussplan<\/p>\n<p>Die Einbaudauer variiert je nach Fahrzeug.<\/p>\n","protected":false},"excerpt":{"rendered":"<p>Die Kamera wird Einbaufertig geliefert. Eine Individuelle Beschreibung f\u00fcr ihr Fahrzeug k\u00f6nnen Sie per Email erhalten. Eine R\u00fcckfahrkamera mit 700 TV-Linien, fast HD Aufl\u00f6sung Eigenschaften: Durch die hochwertige Qualit\u00e4t ist die Kamera Staubdicht und gegen starkes Strahlwasser gesch\u00fctzt. Das Objektiv verschafft Ihnen einen horizontalen Blickwinkel von bis zu 170\u00b0 Grad. Lieferumfang: 1x Kabelbaumadapter 1x Kabelbaum [&hellip;]<\/p>\n","protected":false},"featured_media":323,"comment_status":"open","ping_status":"closed","template":"","meta":[],"product_brand":[],"product_cat":[38],"product_tag":[],"class_list":{"0":"post-326","1":"product","2":"type-product","3":"status-publish","4":"has-post-thumbnail","6":"product_cat-transit","8":"first","9":"instock","10":"downloadable","11":"taxable","12":"shipping-taxable","13":"purchasable","14":"product-type-simple"},"_links":{"self":[{"href":"https:\/\/converscam.de\/index.php?rest_route=\/wp\/v2\/product\/326","targetHints":{"allow":["GET"]}}],"collection":[{"href":"https:\/\/converscam.de\/index.php?rest_route=\/wp\/v2\/product"}],"about":[{"href":"https:\/\/converscam.de\/index.php?rest_route=\/wp\/v2\/types\/product"}],"replies":[{"embeddable":true,"href":"https:\/\/converscam.de\/index.php?rest_route=%2Fwp%2Fv2%2Fcomments&post=326"}],"wp:featuredmedia":[{"embeddable":true,"href":"https:\/\/converscam.de\/index.php?rest_route=\/wp\/v2\/media\/323"}],"wp:attachment":[{"href":"https:\/\/converscam.de\/index.php?rest_route=%2Fwp%2Fv2%2Fmedia&parent=326"}],"wp:term":[{"taxonomy":"product_brand","embeddable":true,"href":"https:\/\/converscam.de\/index.php?rest_route=%2Fwp%2Fv2%2Fproduct_brand&post=326"},{"taxonomy":"product_cat","embeddable":true,"href":"https:\/\/converscam.de\/index.php?rest_route=%2Fwp%2Fv2%2Fproduct_cat&post=326"},{"taxonomy":"product_tag","embeddable":true,"href":"https:\/\/converscam.de\/index.php?rest_route=%2Fwp%2Fv2%2Fproduct_tag&post=326"}],"curies":[{"name":"wp","href":"https:\/\/api.w.org\/{rel}","templated":true}]}}