{"id":30,"date":"2021-03-14T21:06:39","date_gmt":"2021-03-14T21:06:39","guid":{"rendered":"http:\/\/converscam.de\/?page_id=30"},"modified":"2023-08-27T10:44:18","modified_gmt":"2023-08-27T10:44:18","slug":"kontakt","status":"publish","type":"page","link":"https:\/\/converscam.de\/?page_id=30","title":{"rendered":"Standort"},"content":{"rendered":"\n<p class=\"has-medium-font-size\"> <br>W\u00fcnschen Sie einen direkten Vor Ort Service, oder haben Sie weitere Fragen?<br>Schreiben Sie uns eine Email \u00fcber das Kontaktformular, wir kontaktieren Sie schnellstm\u00f6glich.<\/p>\n\n\n\n<div class=\"wp-block-columns is-layout-flex wp-container-core-columns-is-layout-1 wp-block-columns-is-layout-flex\" id=\"https:\/\/www.google.com\/maps\/d\/edit?mid=1yi8T0qXDNDFquOBsgj-gjSwR00Bze2Z-&amp;usp=sharing\">\n<div class=\"wp-block-column is-layout-flow wp-block-column-is-layout-flow\"><\/div>\n<\/div>\n\n\n\n<p class=\"has-large-font-size\"><strong>Neuer Standort werden:<\/strong><\/p>\n\n\n\n<p class=\"has-medium-font-size\">Haben Sie selbst das Interesse einer unserer Einbaustandorte zu werden, setzen Sie sich noch Heute mit uns in Verbindung und schicken Sie uns per Email eine Bewerbung.<\/p>\n","protected":false},"excerpt":{"rendered":"<p>W\u00fcnschen Sie einen direkten Vor Ort Service, oder haben Sie weitere Fragen?Schreiben Sie uns eine Email \u00fcber das Kontaktformular, wir kontaktieren Sie schnellstm\u00f6glich. Neuer Standort werden: Haben Sie selbst das Interesse einer unserer Einbaustandorte zu werden, setzen Sie sich noch Heute mit uns in Verbindung und schicken Sie uns per Email eine Bewerbung.<\/p>\n","protected":false},"author":1,"featured_media":0,"parent":0,"menu_order":0,"comment_status":"closed","ping_status":"closed","template":"","meta":{"footnotes":""},"class_list":["post-30","page","type-page","status-publish","hentry"],"_links":{"self":[{"href":"https:\/\/converscam.de\/index.php?rest_route=\/wp\/v2\/pages\/30","targetHints":{"allow":["GET"]}}],"collection":[{"href":"https:\/\/converscam.de\/index.php?rest_route=\/wp\/v2\/pages"}],"about":[{"href":"https:\/\/converscam.de\/index.php?rest_route=\/wp\/v2\/types\/page"}],"author":[{"embeddable":true,"href":"https:\/\/converscam.de\/index.php?rest_route=\/wp\/v2\/users\/1"}],"replies":[{"embeddable":true,"href":"https:\/\/converscam.de\/index.php?rest_route=%2Fwp%2Fv2%2Fcomments&post=30"}],"version-history":[{"count":7,"href":"https:\/\/converscam.de\/index.php?rest_route=\/wp\/v2\/pages\/30\/revisions"}],"predecessor-version":[{"id":460,"href":"https:\/\/converscam.de\/index.php?rest_route=\/wp\/v2\/pages\/30\/revisions\/460"}],"wp:attachment":[{"href":"https:\/\/converscam.de\/index.php?rest_route=%2Fwp%2Fv2%2Fmedia&parent=30"}],"curies":[{"name":"wp","href":"https:\/\/api.w.org\/{rel}","templated":true}]}}